{"id":7166,"date":"2023-05-19T21:51:29","date_gmt":"2023-05-19T19:51:29","guid":{"rendered":"https:\/\/espaceconfort-fr.com\/?page_id=7166"},"modified":"2024-05-24T16:09:27","modified_gmt":"2024-05-24T14:09:27","slug":"contact","status":"publish","type":"page","link":"https:\/\/maxi-billet.com\/?page_id=7166","title":{"rendered":"Contact"},"content":{"rendered":"\n<p><strong>Important : Probl\u00e8me avec le Formulaire de Contact<\/strong><\/p>\n\n\n\n<p>Nous rencontrons actuellement un probl\u00e8me avec notre formulaire de contact et ne recevons pas les messages envoy\u00e9s via ce dernier. Pour nous contacter, veuillez envoyer un email directement \u00e0 l&rsquo;adresse suivante : <a href=\"mailto:contact@maxi-billet.com\">contact@maxi-billet.com<\/a>. Nous nous excusons pour la g\u00eane occasionn\u00e9e et vous remercions de votre compr\u00e9hension.<\/p>\n\n\n\n\n<div class=\"wpforms-container wpforms-container-full wpforms-block wpforms-block-7a156014-3ef2-450e-98d5-4c0bf53861e5 wpforms-render-modern\" id=\"wpforms-7379\"><form id=\"wpforms-form-7379\" class=\"wpforms-validate wpforms-form wpforms-ajax-form\" data-formid=\"7379\" method=\"post\" enctype=\"multipart\/form-data\" action=\"\/index.php?rest_route=%2Fwp%2Fv2%2Fpages%2F7166\" data-token=\"a3d69c927700dab832d809f9765520b5\" data-token-time=\"1775290236\"><noscript class=\"wpforms-error-noscript\">Veuillez activer JavaScript dans votre navigateur pour remplir ce formulaire.<\/noscript><div class=\"wpforms-hidden\" id=\"wpforms-error-noscript\">Veuillez activer JavaScript dans votre navigateur pour remplir ce formulaire.<\/div><div class=\"wpforms-field-container\"><div id=\"wpforms-7379-field_0-container\" class=\"wpforms-field wpforms-field-name\" data-field-id=\"0\"><fieldset><legend class=\"wpforms-field-label\">Nom <span class=\"wpforms-required-label\" aria-hidden=\"true\">*<\/span><\/legend><div class=\"wpforms-field-row wpforms-field-medium\"><div class=\"wpforms-field-row-block wpforms-first wpforms-one-half\"><input type=\"text\" id=\"wpforms-7379-field_0\" class=\"wpforms-field-name-first wpforms-field-required\" name=\"wpforms[fields][0][first]\" aria-errormessage=\"wpforms-7379-field_0-error\" required><label for=\"wpforms-7379-field_0\" class=\"wpforms-field-sublabel after\">Pr\u00e9nom<\/label><\/div><div class=\"wpforms-field-row-block wpforms-one-half\"><input type=\"text\" id=\"wpforms-7379-field_0-last\" class=\"wpforms-field-name-last wpforms-field-required\" name=\"wpforms[fields][0][last]\" aria-errormessage=\"wpforms-7379-field_0-last-error\" required><label for=\"wpforms-7379-field_0-last\" class=\"wpforms-field-sublabel after\">Nom<\/label><\/div><\/div><\/fieldset><\/div><div id=\"wpforms-7379-field_1-container\" class=\"wpforms-field wpforms-field-email\" data-field-id=\"1\"><label class=\"wpforms-field-label\" for=\"wpforms-7379-field_1\">E-mail <span class=\"wpforms-required-label\" aria-hidden=\"true\">*<\/span><\/label><input type=\"email\" id=\"wpforms-7379-field_1\" class=\"wpforms-field-medium wpforms-field-required\" name=\"wpforms[fields][1]\" spellcheck=\"false\" aria-errormessage=\"wpforms-7379-field_1-error\" required><\/div><div id=\"wpforms-7379-field_2-container\" class=\"wpforms-field wpforms-field-textarea\" data-field-id=\"2\"><label class=\"wpforms-field-label\" for=\"wpforms-7379-field_2\">Message<\/label><textarea id=\"wpforms-7379-field_2\" class=\"wpforms-field-medium\" name=\"wpforms[fields][2]\" aria-errormessage=\"wpforms-7379-field_2-error\" ><\/textarea><\/div><\/div><!-- .wpforms-field-container --><div class=\"wpforms-submit-container\" ><input type=\"hidden\" name=\"wpforms[id]\" value=\"7379\"><input type=\"hidden\" name=\"page_title\" value=\"\"><input type=\"hidden\" name=\"page_url\" value=\"https:\/\/maxi-billet.com\/index.php?rest_route=\/wp\/v2\/pages\/7166\"><input type=\"hidden\" name=\"url_referer\" value=\"\"><button type=\"submit\" name=\"wpforms[submit]\" id=\"wpforms-submit-7379\" class=\"wpforms-submit\" data-alt-text=\"Envoi...\" data-submit-text=\"Envoyer\" aria-live=\"assertive\" value=\"wpforms-submit\">Envoyer<\/button><img decoding=\"async\" src=\"https:\/\/maxi-billet.com\/wp-content\/plugins\/wpforms-lite\/assets\/images\/submit-spin.svg\" class=\"wpforms-submit-spinner\" style=\"display: none;\" width=\"26\" height=\"26\" alt=\"Chargement en cours\"><\/div><\/form><\/div>  <!-- .wpforms-container -->","protected":false},"excerpt":{"rendered":"<p>Important : Probl\u00e8me avec le Formulaire de Contact Nous rencontrons actuellement un probl\u00e8me avec notre formulaire de contact et ne recevons pas les messages envoy\u00e9s via ce dernier. Pour nous contacter, veuillez envoyer un email directement \u00e0 l&rsquo;adresse suivante : contact@maxi-billet.com. Nous nous excusons pour la g\u00eane occasionn\u00e9e et vous remercions de votre compr\u00e9hension.<\/p>\n","protected":false},"author":1,"featured_media":0,"parent":0,"menu_order":0,"comment_status":"closed","ping_status":"closed","template":"","meta":{"inline_featured_image":false,"footnotes":""},"class_list":["post-7166","page","type-page","status-publish","hentry"],"yoast_head":"<!-- This site is optimized with the Yoast SEO plugin v23.7 - https:\/\/yoast.com\/wordpress\/plugins\/seo\/ -->\n<title>Contact - Maxi Ticket<\/title>\n<meta name=\"robots\" content=\"index, follow, max-snippet:-1, max-image-preview:large, max-video-preview:-1\" \/>\n<link rel=\"canonical\" href=\"https:\/\/maxi-billet.com\/?page_id=7166\" \/>\n<meta property=\"og:locale\" content=\"fr_FR\" \/>\n<meta property=\"og:type\" content=\"article\" \/>\n<meta property=\"og:title\" content=\"Contact - Maxi Ticket\" \/>\n<meta property=\"og:description\" content=\"Important : Probl\u00e8me avec le Formulaire de Contact Nous rencontrons actuellement un probl\u00e8me avec notre formulaire de contact et ne recevons pas les messages envoy\u00e9s via ce dernier. Pour nous contacter, veuillez envoyer un email directement \u00e0 l&rsquo;adresse suivante : contact@maxi-billet.com. Nous nous excusons pour la g\u00eane occasionn\u00e9e et vous remercions de votre compr\u00e9hension.\" \/>\n<meta property=\"og:url\" content=\"https:\/\/maxi-billet.com\/?page_id=7166\" \/>\n<meta property=\"og:site_name\" content=\"Maxi Ticket\" \/>\n<meta property=\"article:modified_time\" content=\"2024-05-24T14:09:27+00:00\" \/>\n<meta name=\"twitter:card\" content=\"summary_large_image\" \/>\n<script type=\"application\/ld+json\" class=\"yoast-schema-graph\">{\"@context\":\"https:\/\/schema.org\",\"@graph\":[{\"@type\":\"WebPage\",\"@id\":\"https:\/\/maxi-billet.com\/?page_id=7166\",\"url\":\"https:\/\/maxi-billet.com\/?page_id=7166\",\"name\":\"Contact - Maxi Ticket\",\"isPartOf\":{\"@id\":\"https:\/\/maroon-weasel-812520.hostingersite.com\/#website\"},\"datePublished\":\"2023-05-19T19:51:29+00:00\",\"dateModified\":\"2024-05-24T14:09:27+00:00\",\"breadcrumb\":{\"@id\":\"https:\/\/maxi-billet.com\/?page_id=7166#breadcrumb\"},\"inLanguage\":\"fr-FR\",\"potentialAction\":[{\"@type\":\"ReadAction\",\"target\":[\"https:\/\/maxi-billet.com\/?page_id=7166\"]}]},{\"@type\":\"BreadcrumbList\",\"@id\":\"https:\/\/maxi-billet.com\/?page_id=7166#breadcrumb\",\"itemListElement\":[{\"@type\":\"ListItem\",\"position\":1,\"name\":\"Accueil\",\"item\":\"https:\/\/maxi-billet.com\/\"},{\"@type\":\"ListItem\",\"position\":2,\"name\":\"Contact\"}]},{\"@type\":\"WebSite\",\"@id\":\"https:\/\/maroon-weasel-812520.hostingersite.com\/#website\",\"url\":\"https:\/\/maroon-weasel-812520.hostingersite.com\/\",\"name\":\"Maxi Ticket\",\"description\":\"\",\"publisher\":{\"@id\":\"https:\/\/maroon-weasel-812520.hostingersite.com\/#organization\"},\"potentialAction\":[{\"@type\":\"SearchAction\",\"target\":{\"@type\":\"EntryPoint\",\"urlTemplate\":\"https:\/\/maroon-weasel-812520.hostingersite.com\/?s={search_term_string}\"},\"query-input\":{\"@type\":\"PropertyValueSpecification\",\"valueRequired\":true,\"valueName\":\"search_term_string\"}}],\"inLanguage\":\"fr-FR\"},{\"@type\":\"Organization\",\"@id\":\"https:\/\/maroon-weasel-812520.hostingersite.com\/#organization\",\"name\":\"Maxi Ticket\",\"url\":\"https:\/\/maroon-weasel-812520.hostingersite.com\/\",\"logo\":{\"@type\":\"ImageObject\",\"inLanguage\":\"fr-FR\",\"@id\":\"https:\/\/maroon-weasel-812520.hostingersite.com\/#\/schema\/logo\/image\/\",\"url\":\"https:\/\/maxi-billet.com\/wp-content\/uploads\/2025\/06\/cropped-maxi-ticket-1.png\",\"contentUrl\":\"https:\/\/maxi-billet.com\/wp-content\/uploads\/2025\/06\/cropped-maxi-ticket-1.png\",\"width\":1282,\"height\":299,\"caption\":\"Maxi Ticket\"},\"image\":{\"@id\":\"https:\/\/maroon-weasel-812520.hostingersite.com\/#\/schema\/logo\/image\/\"}}]}<\/script>\n<!-- \/ Yoast SEO plugin. -->","yoast_head_json":{"title":"Contact - Maxi Ticket","robots":{"index":"index","follow":"follow","max-snippet":"max-snippet:-1","max-image-preview":"max-image-preview:large","max-video-preview":"max-video-preview:-1"},"canonical":"https:\/\/maxi-billet.com\/?page_id=7166","og_locale":"fr_FR","og_type":"article","og_title":"Contact - Maxi Ticket","og_description":"Important : Probl\u00e8me avec le Formulaire de Contact Nous rencontrons actuellement un probl\u00e8me avec notre formulaire de contact et ne recevons pas les messages envoy\u00e9s via ce dernier. Pour nous contacter, veuillez envoyer un email directement \u00e0 l&rsquo;adresse suivante : contact@maxi-billet.com. Nous nous excusons pour la g\u00eane occasionn\u00e9e et vous remercions de votre compr\u00e9hension.","og_url":"https:\/\/maxi-billet.com\/?page_id=7166","og_site_name":"Maxi Ticket","article_modified_time":"2024-05-24T14:09:27+00:00","twitter_card":"summary_large_image","schema":{"@context":"https:\/\/schema.org","@graph":[{"@type":"WebPage","@id":"https:\/\/maxi-billet.com\/?page_id=7166","url":"https:\/\/maxi-billet.com\/?page_id=7166","name":"Contact - Maxi Ticket","isPartOf":{"@id":"https:\/\/maroon-weasel-812520.hostingersite.com\/#website"},"datePublished":"2023-05-19T19:51:29+00:00","dateModified":"2024-05-24T14:09:27+00:00","breadcrumb":{"@id":"https:\/\/maxi-billet.com\/?page_id=7166#breadcrumb"},"inLanguage":"fr-FR","potentialAction":[{"@type":"ReadAction","target":["https:\/\/maxi-billet.com\/?page_id=7166"]}]},{"@type":"BreadcrumbList","@id":"https:\/\/maxi-billet.com\/?page_id=7166#breadcrumb","itemListElement":[{"@type":"ListItem","position":1,"name":"Accueil","item":"https:\/\/maxi-billet.com\/"},{"@type":"ListItem","position":2,"name":"Contact"}]},{"@type":"WebSite","@id":"https:\/\/maroon-weasel-812520.hostingersite.com\/#website","url":"https:\/\/maroon-weasel-812520.hostingersite.com\/","name":"Maxi Ticket","description":"","publisher":{"@id":"https:\/\/maroon-weasel-812520.hostingersite.com\/#organization"},"potentialAction":[{"@type":"SearchAction","target":{"@type":"EntryPoint","urlTemplate":"https:\/\/maroon-weasel-812520.hostingersite.com\/?s={search_term_string}"},"query-input":{"@type":"PropertyValueSpecification","valueRequired":true,"valueName":"search_term_string"}}],"inLanguage":"fr-FR"},{"@type":"Organization","@id":"https:\/\/maroon-weasel-812520.hostingersite.com\/#organization","name":"Maxi Ticket","url":"https:\/\/maroon-weasel-812520.hostingersite.com\/","logo":{"@type":"ImageObject","inLanguage":"fr-FR","@id":"https:\/\/maroon-weasel-812520.hostingersite.com\/#\/schema\/logo\/image\/","url":"https:\/\/maxi-billet.com\/wp-content\/uploads\/2025\/06\/cropped-maxi-ticket-1.png","contentUrl":"https:\/\/maxi-billet.com\/wp-content\/uploads\/2025\/06\/cropped-maxi-ticket-1.png","width":1282,"height":299,"caption":"Maxi Ticket"},"image":{"@id":"https:\/\/maroon-weasel-812520.hostingersite.com\/#\/schema\/logo\/image\/"}}]}},"_links":{"self":[{"href":"https:\/\/maxi-billet.com\/index.php?rest_route=\/wp\/v2\/pages\/7166","targetHints":{"allow":["GET"]}}],"collection":[{"href":"https:\/\/maxi-billet.com\/index.php?rest_route=\/wp\/v2\/pages"}],"about":[{"href":"https:\/\/maxi-billet.com\/index.php?rest_route=\/wp\/v2\/types\/page"}],"author":[{"embeddable":true,"href":"https:\/\/maxi-billet.com\/index.php?rest_route=\/wp\/v2\/users\/1"}],"replies":[{"embeddable":true,"href":"https:\/\/maxi-billet.com\/index.php?rest_route=%2Fwp%2Fv2%2Fcomments&post=7166"}],"version-history":[{"count":4,"href":"https:\/\/maxi-billet.com\/index.php?rest_route=\/wp\/v2\/pages\/7166\/revisions"}],"predecessor-version":[{"id":8668,"href":"https:\/\/maxi-billet.com\/index.php?rest_route=\/wp\/v2\/pages\/7166\/revisions\/8668"}],"wp:attachment":[{"href":"https:\/\/maxi-billet.com\/index.php?rest_route=%2Fwp%2Fv2%2Fmedia&parent=7166"}],"curies":[{"name":"wp","href":"https:\/\/api.w.org\/{rel}","templated":true}]}}